undreds digit of 1305330?
3
What is the millions digit of 6656247?
6
What is the thousands digit of 12742?
2
What is the hundreds digit of 753022?
0
What is the ten thousands digit of 416605?
1
What is the units digit of 2185241?
1
What is the hundred thousands digit of 3706622?
7
What is the tens digit of 2213094?
9
What is the millions digit of 27805510?
7
What is the tens digit of 378668?
6
What is the hundred thousands digit of 195033?
1
What is the hundreds digit of 668302?
3
What is the ten thousands digit of 22126712?
2
What is the tens digit of 164511?
1
What is the hundreds digit of 133408?
4
What is the thousands digit of 11917790?
7
What is the thousands digit of 4581084?
1
What is the millions digit of 2003745?
2
What is the tens digit of 22137774?
7
What is the millions digit of 9574621?
9
What is the thousands digit of 346736?
6
What is the units digit of 1220098?
8
What is the hundreds digit of 25956?
9
What is the hundreds digit of 157932?
9
What is the units digit of 3743209?
9
What is the thousands digit of 651771?
1
What is the millions digit of 2320496?
2
What is the hundred thousands digit of 18638604?
6
What is the hundred thousands digit of 1507006?
5
What is the thousands digit of 8896?
8
What is the hundred thousands digit of 2283555?
2
What is the thousands digit of 8393999?
3
What is the units digit of 4523508?
8
What is the units digit of 42870?
0
What is the millions digit of 1478992?
1
What is the tens digit of 133372?
7
What is the millions digit of 1006632?
1
What is the units digit of 126444?
4
What is the hundreds digit of 452299?
2
What is the tens digit of 1441519?
1
What is the millions digit of 1049513?
1
What is the tens digit of 4520374?
7
What is the ten thousands digit of 15553?
1
What is the thousands digit of 6868679?
8
What is the tens digit of 316996?
9
What is the hundreds digit of 875788?
7
What is the ten thousands digit of 4257573?
5
What is the hundreds digit of 6731?
7
What is the hundreds digit of 325966?
9
What is the hundred thousands digit of 1711447?
7
What is the units digit of 110026?
6
What is the hundreds digit of 579618?
6
What is the ten thousands digit of 944021?
4
What is the hundreds digit of 556248?
2
What is the units digit of 597019?
9
What is the thousands digit of 125304?
5
What is the ten thousands digit of 286832?
8
What is the tens digit of 1025443?
4
What is the thousands digit of 6089486?
9
What is the ten thousands digit of 112332?
1
What is the units digit of 311769?
9
What is the tens digit of 753391?
9
What is the hundred thousands digit of 3301297?
3
What is the hundreds digit of 51092?
0
What is the millions digit of 5775561?
5
What is the units digit of 11486?
6
What is the hundred thousands digit of 556232?
5
What is the tens digit of 136092?
9
What is the thousands digit of 20738?
0
What is the ten thousands digit of 579196?
7
What is the hundreds digit of 2653923?
9
What is the units digit of 8439259?
9
What is the thousands digit of 767366?
7
What is the hundreds digit of 81307?
3
What is the hundred thousands digit of 4585667?
5
What is the hundreds digit of 3961?
9
What is the units digit of 97902?
2
What is the hundred thousands digit of 473273?
4
What is the tens digit of 25055751?
5
What is the thousands digit of 68406?
8
What is the ten thousands digit of 1291418?
9
What is the hundreds digit of 9562254?
2
What is the thousands digit of 6144877?
4
What is the tens digit of 1735329?
2
What is the units digit of 1885789?
9
What is the hundred thousands digit of 9870766?
8
What is the thousands digit of 2371237?
1
What is the tens digit of 1621841?
4
What is the ten thousands digit of 1518869?
1
What is the hundreds digit of 124987?
9
What is the ten thousands digit of 18373206?
7
What is the thousands digit of 526318?
6
What is the hundred thousands digit of 680039?
6
What is the hundred thousands digit of 1178444?
1
What is the ten thousands digit of 371496?
7
What is the units digit of 298862?
2
What is the hundreds digit of 668196?
1
What is the hundred thousands digit of 1038817?
0
What is the tens digit of 60656?
5
What is the tens digit of 1831826?
2
What is the thousands digit of 2619286?
9
What is the units digit of 979636?
6
What is the tens digit of 656564?
6
What is the tens digit of 4284482?
8
What is the hundreds digit of 167?
1
What is the millions digit of 1264114?
1
What is the ten thousands digit of 2284454?
8
What is the tens digit of 167750?
5
What is the hundreds digit of 210696?
6
What is the hundreds digit of 2586652?
6
What is the units digit of 412522?
2
What is the thousands digit of 30043?
0
What is the units digit of 5236785?
5
What is the thousands digit of 764713?
4
What is the thousands digit of 2635378?
5
What is the hundreds digit of 3177892?
8
What is the tens digit of 273430?
3
What is the tens digit of 13443678?
7
What is the units digit of 811124?
4
What is the millions digit of 21580600?
1
What is the hundred thousands digit of 265999?
2
What is the thousands digit of 3543551?
3
What is the units digit of 96708?
8
What is the ten millions digit of 14075962?
1
What is the units digit of 1598157?
7
What is the tens digit of 252537?
3
What is the ten thousands digit of 1704382?
0
What is the hundred thousands digit of 5842424?
8
What is the hundreds digit of 16293932?
9
What is the thousands digit of 953296?
3
What is the hundred thousands digit of 721556?
7
What is the ten thousands digit of 44823?
4
What is the units digit of 511376?
6
What is the ten thousands digit of 27286288?
8
What is the hundred thousands digit of 128886?
1
What is the thousands digit of 15830?
5
What is the hundreds digit of 2229556?
5
What is the units digit of 1726020?
0
What is the ten thousands digit of 117358?
1
What is the hundreds digit of 505808?
8
What is the thousands digit of 14040603?
0
What is the hundred thousands digit of 2125536?
1
What is the tens digit of 414173?
7
What is the ten thousands digit of 1363123?
6
What is the hundreds digit of 28068234?
2
What is the hundred thousands digit of 102892?
1
What is the tens digit of 3966256?
5
What is the tens digit of 17214400?
0
What is the hundreds digit of 117310?
3
What is the hundred thousands digit of 115730?
1
What is the hundreds digit of 5896934?
9
What is the millions digit of 1277586?
1
What is the units digit of 766084?
4
What is the units digit of 7143265?
5
What is the units digit of 470800?
0
What is the hundreds digit of 150919?
9
What is the thousands digit of 50592?
0
What is the units digit of 8756567?
7
What is the units digit of 511090?
0
What is the hundred thousands digit of 1192698?
1
What is the thousands digit of 17874620?
4
What is the tens digit of 24061686?
8
What is the tens digit of 750070?
7
What is the millions digit of 1463287?
1
What is the ten thousands digit of 426211?
2
What is the ten thousands digit of 751535?
5
What is the thousands digit of 1025305?
5
What is the thousands digit of 1849717?
9
What is the hundreds digit of 2195421?
4
What is the hundreds digit of 340023?
0
What is the thousands digit of 733160?
3
What is the hundred thousands digit of 398375?
3
What is the tens digit of 214216?
1
What is the thousands digit of 174976?
4
What is the ten millions digit of 16996277?
1
What is the ten thousands digit of 132148?
3
What is the hundred thousands digit of 5402045?
4
What is the hundreds digit of 3693315?
3
What is the thousands digit of 728597?
8
What is the thousands digit of 1068101?
8
What is the hundreds digit of 358277?
2
What is the hundred thousands digit of 3681284?
6
What is the units digit of 9232?
2
What is the hundred thousands digit of 21497408?
4
What is the hundred thousands digit of 415476?
4
What is the ten thousands digit of 1454559?
5
What is the thousands digit of 228992?
8
What is the hundreds digit of 14946998?
9
What is the units digit of 2094523?
3
What is the hundreds digit of 329050?
0
What is the tens digit of 5852390?
9
What is the ten thousands digit of 1618937?
1
What is the units digit of 201571?
1
What is the millions digit of 2769435?
2
What is the ten thousands digit of 156373?
5
What is the thousands digit of 856096?
6
What is the ten thousands digit of 6688326?
8
What is the units digit of 15987